3, 19, 241
List the prime factors of 345713.
23, 15031
List the prime factors of 298453.
163, 1831
List the prime factors of 865641.
3, 7, 41221
What are the prime factors of 157084?
2, 173, 227
What are the prime factors of 21610109?
37, 584057
What are the prime factors of 2112991?
31, 68161
List the prime factors of 214621.
11, 109, 179
What are the prime factors of 16105?
5, 3221
What are the prime factors of 65766?
2, 3, 97, 113
List the prime factors of 2792503.
7, 367, 1087
What are the prime factors of 463391?
19, 29
What are the prime factors of 225219?
3, 37, 2029
What are the prime factors of 193446?
2, 3, 11, 977
What are the prime factors of 1976821?
7, 11, 25673
What are the prime factors of 93428?
2, 23357
What are the prime factors of 110385?
3, 5, 11, 223
List the prime factors of 66482.
2, 13, 2557
What are the prime factors of 2906898?
2, 3, 17, 28499
What are the prime factors of 1643470?
2, 5, 149, 1103
What are the prime factors of 27903007?
11, 31, 47, 1741
What are the prime factors of 472239?
3, 137, 383
List the prime factors of 11118000.
2, 3, 5, 17, 109
What are the prime factors of 2225745?
3, 5, 16487
List the prime factors of 1661059.
1661059
List the prime factors of 436000.
2, 5, 109
What are the prime factors of 1435154?
2, 7, 23, 4457
What are the prime factors of 707761?
17, 31, 79
What are the prime factors of 1854700?
2, 5, 17, 1091
List the prime factors of 1867964.
2, 7, 66713
List the prime factors of 15630513.
3, 2161, 2411
List the prime factors of 24037.
13, 43
What are the prime factors of 2274411?
3, 758137
List the prime factors of 63467.
63467
What are the prime factors of 6506713?
197, 33029
List the prime factors of 10353258.
2, 3, 263
What are the prime factors of 758903?
89, 8527
List the prime factors of 152167.
17, 8951
What are the prime factors of 2992178?
2, 7, 213727
List the prime factors of 630631.
199, 3169
What are the prime factors of 39627?
3, 7, 17, 37
What are the prime factors of 301183?
301183
What are the prime factors of 16346656?
2, 17, 151, 199
List the prime factors of 246302.
2, 7, 73, 241
What are the prime factors of 795922?
2, 167, 2383
List the prime factors of 1591436.
2, 7, 11, 5167
What are the prime factors of 707482?
2, 31, 11411
List the prime factors of 3059300.
2, 5, 30593
What are the prime factors of 430095?
3, 5, 53, 541
List the prime factors of 895810.
2, 5, 29, 3089
List the prime factors of 20797364.
2, 7, 106109
List the prime factors of 97425.
3, 5, 433
List the prime factors of 3384535.
5, 7, 11, 59, 149
What are the prime factors of 812166?
2, 3, 223, 607
List the prime factors of 2317982.
2, 1158991
List the prime factors of 17770094.
2, 43, 127, 1627
What are the prime factors of 1999874?
2, 113, 8849
List the prime factors of 3268419.
3, 7, 11, 14149
What are the prime factors of 4922935?
5, 984587
List the prime factors of 21319159.
19, 227, 4943
What are the prime factors of 7406847?
3, 7, 89, 1321
What are the prime factors of 651638?
2, 13, 71, 353
List the prime factors of 5301772.
2, 7, 189349
List the prime factors of 25453761.
3, 8484587
List the prime factors of 2462443.
2462443
What are the prime factors of 99703?
179, 557
What are the prime factors of 70326?
2, 3, 3907
List the prime factors of 15221510.
2, 5, 199, 7649
List the prime factors of 4431607.
71, 62417
What are the prime factors of 128023?
7, 18289
What are the prime factors of 316601?
73, 4337
List the prime factors of 2174995.
5, 23, 18913
What are the prime factors of 20085530?
2, 5, 2008553
What are the prime factors of 38064660?
2, 3, 5, 271, 2341
List the prime factors of 13695675.
3, 5, 7, 19, 1373
What are the prime factors of 143220?
2, 3, 5, 7, 11, 31
List the prime factors of 191986.
2, 59, 1627
What are the prime factors of 731028?
2, 3, 60919
List the prime factors of 3560327.
17, 209431
What are the prime factors of 1593368?
2, 7, 37, 769
What are the prime factors of 15977?
13, 1229
List the prime factors of 218228.
2, 89, 613
List the prime factors of 3369195.
3, 5, 47, 59
List the prime factors of 3329593.
37, 89989
List the prime factors of 30619401.
3, 191, 53437
What are the prime factors of 100775?
5, 29, 139
What are the prime factors of 6938263?
6938263
List the prime factors of 161224.
2, 7, 2879
List the prime factors of 2503435.
5, 11, 23, 1979
List the prime factors of 715098.
2, 3, 119183
What are the prime factors of 672309?
3, 11, 6791
What are the prime factors of 24179127?
3, 7, 29, 39703
List the prime factors of 3031391.
11, 275581
What are the prime factors of 6322351?
7, 17, 53129
List the prime factors of 12780782.
2, 7, 773, 1181
What are the prime factors of 876766?
2, 11, 3623
List the prime factors of 36676.
2, 53, 173
What are the prime factors of 2578882?
2, 43, 157, 191
What are the prime factors of 1795881?
3, 101, 5927
List the prime factors of 25919421.
3, 11, 41, 19157
What are the prime factors of 30727240?
2, 5, 29, 26489
What are the prime factors of 10233482?
2, 7, 23, 61, 521
What are the prime factors of 25295084?
2, 73, 86627
List the prime factors of 479869.
13, 36913
What are the prime factors of 355310?
2, 5, 35531
What are the prime factors of 4990468?
2, 7, 178231
List the prime factors of 104641.
269, 389
List the prime factors of 597399.
3, 11, 43, 421
List the prime factors of 143405.
5, 23, 29, 43
What are the prime factors of 1506294?
2, 3, 67, 1249
What are the prime factors of 3864241?
151, 157, 163
List the prime factors of 145387.
11, 13217
List the prime factors of 3611062.
2, 7, 13, 19841
What are the prime factors of 4219956?
2, 3, 13, 71, 127
List the prime factors of 1420880.
2, 5, 17761
List the prime factors of 3556871.
139, 25589
What are the prime factors of 2017459?
2017459
List the prime factors of 4082301.
3, 29, 15641
What are the prime factors of 1085881?
1085881
List the prime factors of 143930.
2, 5, 37, 389
What are the prime factors of 540192?
2, 3, 17, 331
What are the prime factors of 609641?
609641
What are the prime factors of 2636980?
2, 5, 131849
What are the prime factors of 22217954?
2, 11, 19, 23, 2311
What are the prime factors of 130376?
2, 43, 379
List the prime factors of 2435104.
2, 7, 1553
List the prime factors of 109546.
2, 54773
List the prime factors of 1981126.
2, 7, 141509
List the prime factors of 140175.
3, 5, 7, 89
What are the prime factors of 1905569?
71, 26839
What are the prime factors of 4185785?
5, 837157
List the prime factors of 1070763.
3, 241, 1481
List the prime factors of 12724500.
2, 3, 5, 17, 499
List the prime factors of 300105.
3, 5, 13, 19
What are the prime factors of 2797577?
97, 151, 191
List the prime factors of 863564.
2, 13, 16607
List the prime factors of 4106819.
4106819
What are the prime factors of 27771?
3, 9257
What are the prime factors of 259662?
2, 3, 13, 3329
List the prime factors of 58224.
2, 3, 1213
List the prime factors of 59320.
2, 5, 1483
What are the prime factors of 299118?
2, 3, 49853
List the prime factors of 9659207.
419, 23053
List the prime factors of 443060.
2, 5, 22153
List the prime factors of 6313094.
2, 397, 7951
List the prime factors of 355310.
2, 5, 35531
What are the prime factors of 5279005?
5, 1055801
What are the prime factors of 836586?
2, 3, 46477
List the prime factors of 477699.
3, 159233
List the prime factors of 516975.
3, 5, 61, 113
List the prime factors of 2419341.
3, 806447
What are the prime factors of 3149616?
2, 3, 65617
List the prime factors of 968891.
7, 11, 12583
List the prime factors of 600754.
2, 7, 11, 47, 83
What are the prime factors of 972905?
5, 194581
What are the prime factors of 2206551?
3, 23, 113, 283
What are the prime factors of 1853858?
2, 149, 6221
List the prime factors of 18261991.
11, 47, 35323
What are the prime factors of 24708065?
5, 4941613
What are the prime factors of 910582?
2, 455291
List the prime factors of 6517807.
991, 6577
What are the prime factors of 193229?
199, 971
List the prime factors of 2121403.
2121403
List the prime factors of 2443360.
2, 5, 15271
List the prime factors of 1711586.
2, 41, 20873
List the prime factors of 15012640.
2, 5, 101, 929
List the prime factors of 657384.
2, 3, 7, 13, 43
List the prime factors of 446514.
2, 3, 74419
Wha